{"id":21,"date":"2018-01-28T21:34:52","date_gmt":"2018-01-28T20:34:52","guid":{"rendered":"http:\/\/artisanpeintre.com\/?page_id=21"},"modified":"2023-03-15T13:53:16","modified_gmt":"2023-03-15T12:53:16","slug":"une-section-de-page-daccueil","status":"publish","type":"page","link":"https:\/\/artisanpeintre.com\/","title":{"rendered":"Accueil"},"content":{"rendered":"<p><img decoding=\"async\" loading=\"lazy\" class=\"alignleft wp-image-278\" src=\"http:\/\/artisanpeintre.com\/wp-content\/uploads\/2018\/02\/cropped-logodecoetmatieres-300x300.gif\" alt=\"artisan peintre decoration peinture sur aix-en-provence\" width=\"70\" height=\"70\" srcset=\"https:\/\/artisanpeintre.com\/wp-content\/uploads\/2018\/02\/cropped-logodecoetmatieres-300x300.gif 300w, https:\/\/artisanpeintre.com\/wp-content\/uploads\/2018\/02\/cropped-logodecoetmatieres-150x150.gif 150w, https:\/\/artisanpeintre.com\/wp-content\/uploads\/2018\/02\/cropped-logodecoetmatieres-270x270.gif 270w, https:\/\/artisanpeintre.com\/wp-content\/uploads\/2018\/02\/cropped-logodecoetmatieres-192x192.gif 192w, https:\/\/artisanpeintre.com\/wp-content\/uploads\/2018\/02\/cropped-logodecoetmatieres-180x180.gif 180w, https:\/\/artisanpeintre.com\/wp-content\/uploads\/2018\/02\/cropped-logodecoetmatieres-32x32.gif 32w\" sizes=\"(max-width: 70px) 100vw, 70px\" \/><\/p>\n<p>Artisan peintre sur Aix-en-Provence, je vous propose mes services pour la r\u00e9alisation de vos travaux.<br \/>\n<strong>Vous<\/strong> \u00eates un <strong>particulier<\/strong>, une <strong>entreprise<\/strong>, un <strong>syndic<\/strong>.<br \/>\nUn projet de d\u00e9coration&#8230; Un simple rafra\u00eechissement&#8230; Un d\u00e9g\u00e2t des eaux&#8230;?<br \/>\nEnvie de mati\u00e8re, chaux, b\u00e9ton cir\u00e9,&#8230;?<br \/>\n<a href=\"http:\/\/artisanpeintre.com\/index.php\/page3-2\/\">Contactez moi<\/a> (devis gratuit).<\/p>\n","protected":false},"excerpt":{"rendered":"<p>Artisan peintre sur Aix-en-Provence, je vous propose mes services pour la r\u00e9alisation de vos travaux. Vous \u00eates un particulier, une entreprise, un syndic. Un projet de d\u00e9coration&#8230; Un simple rafra\u00eechissement&#8230; Un d\u00e9g\u00e2t des eaux&#8230;? Envie de mati\u00e8re, chaux, b\u00e9ton cir\u00e9,&#8230;? Contactez moi (devis gratuit).<\/p>\n","protected":false},"author":1,"featured_media":0,"parent":0,"menu_order":0,"comment_status":"closed","ping_status":"closed","template":"","meta":[],"_links":{"self":[{"href":"https:\/\/artisanpeintre.com\/index.php\/wp-json\/wp\/v2\/pages\/21"}],"collection":[{"href":"https:\/\/artisanpeintre.com\/index.php\/wp-json\/wp\/v2\/pages"}],"about":[{"href":"https:\/\/artisanpeintre.com\/index.php\/wp-json\/wp\/v2\/types\/page"}],"author":[{"embeddable":true,"href":"https:\/\/artisanpeintre.com\/index.php\/wp-json\/wp\/v2\/users\/1"}],"replies":[{"embeddable":true,"href":"https:\/\/artisanpeintre.com\/index.php\/wp-json\/wp\/v2\/comments?post=21"}],"version-history":[{"count":29,"href":"https:\/\/artisanpeintre.com\/index.php\/wp-json\/wp\/v2\/pages\/21\/revisions"}],"predecessor-version":[{"id":383,"href":"https:\/\/artisanpeintre.com\/index.php\/wp-json\/wp\/v2\/pages\/21\/revisions\/383"}],"wp:attachment":[{"href":"https:\/\/artisanpeintre.com\/index.php\/wp-json\/wp\/v2\/media?parent=21"}],"curies":[{"name":"wp","href":"https:\/\/api.w.org\/{rel}","templated":true}]}}